ctors of k(y).
2, 3
Let n(i) = 9*i**2 - 3*i - 1. Suppose 0 = 5*f + 1 - 16. What are the prime factors of n(f)?
71
Suppose 4*r - 2 = 2*v - 0, 15 = 5*v - 5*r. Suppose 0 = 2*g - 3*g - v. Let w = 12 + g. List the prime factors of w.
5
Suppose -b + 790 = 3*k, 5*k = 3*b + 918 + 422. Suppose -2*r + k + 23 = 0. List the prime factors of r.
2, 3
Suppose -3*p + 11243 - 1175 = 0. What are the prime factors of p?
2, 839
Let f(m) = m**2 + 4*m - 15. Let g be f(-12). Let a = g - 42. What are the prime factors of a?
3, 13
Suppose -14*x - 110 = -362. Let g(y) = 10*y - 19. What are the prime factors of g(x)?
7, 23
Let j be 42*(21/9 - 2). Let g = -8 + j. Let n(a) = -a**3 + 5*a**2 + 8*a - 6. What are the prime factors of n(g)?
2, 3
Suppose 3*s = 3*a + 546, 3*s + 10*a = 8*a + 526. What are the prime factors of s?
2, 89
Let y be 402/33 - 18/99. Let o = 55 - y. List the prime factors of o.
43
Let j = -64 + 111. Let b = -17 + j. What are the prime factors of b?
2, 3, 5
Let m be 0 + 12 + 3 + 4. Let k = 32 + m. What are the prime factors of k?
3, 17
Suppose -12*s + 8577 + 7839 = 0. What are the prime factors of s?
2, 3, 19
Suppose -5*y + 18 = 23. Let d(t) = -9*t**3 + 2*t**2 + 3*t + 2. Let p be d(y). Suppose -p*b = -b - 432. List the prime factors of b.
2, 3
Suppose -4*i + 250 + 278 = 0. Suppose 4*x + i = l + 2*l, 5*x = 15. Suppose h - 14 = -f, -3*f + 2*h = 3*h - l. What are the prime factors of f?
17
Let p = 1000 - 438. List the prime factors of p.
2, 281
Suppose -25*p = -23*p + 824. Let i = p - -703. What are the prime factors of i?
3, 97
Let z = 2584 - 1790. What are the prime factors of z?
2, 397
Let a be (((0/1)/(-4))/1)/2. Suppose a = 3*r - 2*g - 169, 0 = -2*r - g + 4*g + 116. What are the prime factors of r?
5, 11
Let l = 22 - -6. Suppose 5 + 3 = 2*a. Let t = l - a. List the prime factors of t.
2, 3
Suppose 4*t + 8*t = 36. Suppose -4*j + 5*j + 644 = t*d, 406 = 2*d + 4*j. List the prime factors of d.
3, 71
Suppose 0 = -0*a - 4*a - 132. Let w = 27 + a. Let z(x) = -2*x + 9. What are the prime factors of z(w)?
3, 7
Let i(v) be the first derivative of v**4/4 - v**3 - v**2 + 3*v - 22. List the prime factors of i(4).
11
Suppose -4*d = -5*d + 2. Let c(h) = -2*h**2 + 1 + 6*h**2 + 4*h - h**2. List the prime factors of c(d).
3, 7
Suppose 0*z - 3*z + 6 = -2*j, -z = -3*j - 2. Suppose z*f - f - 4 = 0. Suppose f*c - 49 + 13 = 0. What are the prime factors of c?
3
Suppose -2*w + 2*r - 5*r = -355, -2*r = 4*w - 690. Let c = 9 + w. What are the prime factors of c?
179
List the prime factors of 37677/38 - (-7)/2.
5, 199
Let f be (-166 - 0)*(-9)/18. Suppose -7*r = 3*s - 3*r - f, r = -5*s + 127. List the prime factors of s.
5
Let y = 262 - 202. List the prime factors of y.
2, 3, 5
Let h(a) = -2*a + 3*a + 32 - 17 - 25. Let w be h(10). Suppose -3*k + 2*k + 31 = w. List the prime factors of k.
31
Suppose -5*z = -2*p + 27, -2 = -3*p - 4*z - 19. Let b be 4 - p/(3/3). Suppose -b*h + 67 + 5 = 0. List the prime factors of h.
2, 3
Suppose 3*p = -143 + 29. Let k = -23 - p. List the prime factors of k.
3, 5
Suppose -16 = n + 3*n. Suppose -2*x + 4*y = y + 13, -2*x - 2*y = -12. What are the prime factors of n - (x/1 - 25)?
2, 5
Suppose 0 = -20*o + 3131 - 991. List the prime factors of o.
107
Let j = 1280 + -768. Suppose 49*x - 53*x = -j. List the prime factors of x.
2
Suppose -w + 17 - 3 = 0. Let h = w + -25. Let v = h + 19. What are the prime factors of v?
2
Suppose 3*z + 19 = p, z + 15 = 4*p - 6. Let u(t) = t**3 - 3*t**2 - 5*t + 6. Let x be u(p). Suppose 3*m + x*m - 70 = 0. List the prime factors of m.
2, 7
Suppose 38*w = 43*w - 60. Let c(t) = t**2 - 4*t - 29. List the prime factors of c(w).
67
Let t = 939 + -1018. Suppose -4*b = -3*b + 30. Let i = b - t. List the prime factors of i.
7
Let p = -75 - -76. What are the prime factors of (97 - p) + 5 + -2?
3, 11
Let m = 39 + -28. Suppose 0 = m*x - 1037 - 657. What are the prime factors of x?
2, 7, 11
Let a = 331 + -103. List the prime factors of a.
2, 3, 19
Suppose -5*k - 3*y + 1940 = 0, -2*k - 4*y = -3*k + 388. What are the prime factors of k?
2, 97
Let x be 92/10 + (-1)/5. Suppose 0 = a - 7 + x. What are the prime factors of (14 - 10) + (-62)/a?
5, 7
Let l = 13 + -8. Let v be -16*(93/(-12) - -1). Suppose 0 = g - l*g + v. What are the prime factors of g?
3
Let p = 2 - -14. Let g = 31 - p. Let u = 17 - g. What are the prime factors of u?
2
Let p be 8*(3/(-6))/(-1). Suppose 4*u - 18 = -2*z, 5*z = -p*u + 44 - 5. Suppose 160 = -2*q + z*q. List the prime factors of q.
2
Suppose -7*z + 62 = -589. List the prime factors of z.
3, 31
Let c be 16/5*(-100)/8*-2. Suppose -2*z = -4*z + c. List the prime factors of z.
2, 5
Suppose h - 20 = -3*h. Let c(b) = h - 4 - 4 - 2 - 32*b. What are the prime factors of c(-2)?
59
Let y(c) = -c**3 + 6*c**2 - 8*c + 27. Let k be y(8). Let r = -40 - k. What are the prime factors of r?
5
Suppose 0 = -3*x - 2*x. Let f(z) = -z + 2. Let w be f(x). Suppose 0 = w*c - 6, 6*u = u - 5*c + 80. What are the prime factors of u?
13
What are the prime factors of (-4803)/(-9) - (-4)/48*-8?
13, 41
Let u(h) = 13*h**3 - 12*h**2 - 8*h - 5. List the prime factors of u(6).
23, 101
Suppose w + 30 = 262. Suppose -w = -2*c - 0*r + 2*r, 3*r + 12 = 0. What are the prime factors of c?
2, 7
Let z(b) = -b - 1. Let x be z(-3). Suppose -y = -2*i + 68, x*y - 154 = -4*i - 26. What are the prime factors of i?
3, 11
Let v(h) be the second derivative of -2*h**3 - 1/12*h**4 + 2*h + 2*h**2 + 0. List the prime factors of v(-8).
2, 3
Suppose -14*p - 352 = -2480. Suppose -46 - p = -w. List the prime factors of w.
2, 3, 11
Suppose 11*b - 6*b - 5279 = -3*p, 0 = 4*p - b - 7031. What are the prime factors of p?
2, 3, 293
Suppose -198 = -3*v + 5*j, 66 = v - 0*j + j. Let t = v - 57. What are the prime factors of t?
3
Let p be ((-2)/3)/(24/(-108)). Suppose -5*t + 350 = -p*u - 44, 317 = 4*t - 3*u. What are the prime factors of t?
7, 11
Let z(a) = 8 + 2*a**2 + a**2 - 6 + 8*a - a**2. What are the prime factors of z(-7)?
2, 11
Suppose -n = -67 - 196. Suppose -5*f - 5*l + 310 = 0, 4*f = -3*l + n - 19. What are the prime factors of f?
2, 29
Let m(d) = -d**3 + 6*d**2 - 3*d - 2. Let t be m(5). List the prime factors of 242/t - (-3)/4.
31
Let o(n) = 18*n**2 - 2*n - n**3 + 0*n + 12 + 2*n**3. Let g = -105 - -87. What are the prime factors of o(g)?
2, 3
Let y = -26 - -44. Let u = 86 - y. What are the prime factors of u?
2, 17
Let l(i) = i**2 + 8*i. Let a be l(-8). Suppose 4*n + 0*n + 36 = a. What are the prime factors of (n - -11)/((-4)/(-54))?
3
Let f = 2753 - 1475. List the prime factors of f.
2, 3, 71
Let k be 0/(-5 - 20/(-5)). Suppose 2*a - w + 11 - 102 = k, -2*w + 186 = 4*a. What are the prime factors of a?
2, 23
Let j be (0 - 18) + -3 + 1. Let d be 546/15 - (-8)/j. Let k = d - 25. List the prime factors of k.
11
Let v(q) = -80*q + 246. What are the prime factors of v(-18)?
2, 3, 281
Let b = 8 + 27. Let z = 73 + 7. Let y = z - b. What are the prime factors of y?
3, 5
Suppose -69 = -5*a + 321. Suppose -3*j - a = l + 10, -j = -5*l + 8. Let r = -9 - j. What are the prime factors of r?
19
Let j = -51 - -49. Let y(x) = -12*x**3 - x**2 + 2. List the prime factors of y(j).
2, 47
Suppose -26*l + 30*l + 4*q = 2076, 0 = -l - 4*q + 507. List the prime factors of l.
523
Suppose -38924 - 107650 = -34*o. What are the prime factors of o?
3, 479
Let q(j) = -j**3 + 7*j**2 - 7*j + 9. Let k be q(6). Suppose a + k*a + 60 = 0. What are the prime factors of ((-48)/a)/(3/15)?
2
Let j = -4 + 7. Suppose -4*w - 44 = -4*g, -j*g = -4*w - 19 - 21. Let b(y) = -y**2 - 11*y - 10. What are the prime factors of b(w)?
2, 3
Suppose 3*y + 3772 = 4*g, 3*g + 2*y - 7*y = 2818. List the prime factors of g.
2, 11, 43
Suppose 0 = -i + 10*i. Suppose -82*x + 79*x + 147 = i. List the prime factors of x.
7
Let r(j) be the third derivative of 2/3*j**3 + 5/24*j**4 + 8*j**2 + 0 + 0*j. What are the prime factors of r(8)?
2, 11
Let v be 1719/15 - (-4)/10. Let l = v + 41. Suppose -d = -5*d + l. List the prime factors of d.
3, 13
Let q(k) = -303*k - 557. List the prime factors of q(-6).
13, 97
Let j = 383 + -99. Suppose 7*l - 6*l = j. What are the prime factors of l?
2, 71
Suppose 4*m = -2*p - 20, 3*p + 2*p - 4*m = 20. Suppose p*u - 30 = -2*u - 4*g, 3*u - 72 = 3*g. Suppose 2*t - u - 13 = 0. What are the prime factors of t?
17
Let 